{"id":107894,"date":"2025-11-12T17:58:08","date_gmt":"2025-11-12T16:58:08","guid":{"rendered":"https:\/\/www.ernstbrunn-apotheke.at\/katalog\/produkt\/caudalie-vinopure-reinigungslotion-2\/"},"modified":"2025-12-08T22:04:25","modified_gmt":"2025-12-08T21:04:25","slug":"caudalie-vinopure-reinigungslotion-2","status":"publish","type":"product","link":"https:\/\/www.ernstbrunn-apotheke.at\/katalog\/produkt\/caudalie-vinopure-reinigungslotion-2\/","title":{"rendered":"Caudalie Vinopure Reinigungslotion"},"content":{"rendered":"<p>Die Vinopure Lotion verschlie\u00dft die Poren und reduziert Hautunreinheiten sowie Glanz. Die Haut wird gereinigt und mattiert.<\/p>\n<p><strong>Hauttyp\u00a0:<\/strong> Zu Akne neigende Haut<\/p>\n<p><strong>Brauche\u00a0:<\/strong> Unreinheiten, erweiterte Poren, Mitesser, fettige Haut<\/p>\n<p><strong>Hauptinhaltsstoffe\u00a0:<\/strong> Nat\u00fcrliche Salicyls\u00e4ure, Biologisches Traubenwasser, 6 reinigende \u00e4therische \u00d6le<\/p>\n<p><strong>Textur\u00a0:<\/strong> Lotion<\/p>\n<p><strong>Verwendung\u00a0:<\/strong> Morgens und abends, jeden Tag<\/p>\n<p><strong>Rezeptur:<\/strong><\/p>\n<ul>\n<li>99 % Inhaltsstoffe nat\u00fcrlichen Ursprungs<\/li>\n<li>Nicht komedogen, nicht lichtsensibilisierend<\/li>\n<li>Macht nicht lichtempfindlich<\/li>\n<li>Vegan<\/li>\n<li>100% plastic collect<\/li>\n<\/ul>\n<p><strong>Sichtbare Resultate<\/strong><\/p>\n<ul>\n<li>90% finden, dass ihre Haut weniger gl\u00e4nzt*<\/li>\n<li>100% recycelbare Verpackungen aus recyceltem Kunststoff (100% recycelte Plastikflaschen) f\u00fcr ein Null M\u00fcll Ziel*. *Au\u00dfer Pumpspender und Verschl\u00fcsse aus mehreren Materialien, die nur in den an der Partnerschaft Terracycle teilnehmenden SPA Stores recycelbar sind.<\/li>\n<\/ul>\n<p>*Klinische Studie. % Zufriedenheit. 30 Frauen, 56 Tage<\/p>\n<p><strong>Wussten Sie es?<\/strong>Die Vinopure Lotion enth\u00e4lt ebenfalls Bio-Rosenwasser, das der \u00dcberproduktion von Sebum entgegenwirkt und die Haut zum Strahlen bringt.\u00a0<\/p>\n","protected":false},"excerpt":{"rendered":"<p>Die Vinopure Lotion verschlie\u00dft die Poren und reduziert Hautunreinheiten sowie Glanz. Die Haut wird gereinigt und mattiert. Hauttyp\u00a0: Zu Akne neigende Haut Brauche\u00a0: Unreinheiten, erweiterte Poren, Mitesser, fettige Haut Hauptinhaltsstoffe\u00a0: Nat\u00fcrliche Salicyls\u00e4ure, Biologisches Traubenwasser, 6 reinigende \u00e4therische \u00d6le Textur\u00a0: Lotion Verwendung\u00a0: Morgens und abends, jeden Tag Rezeptur: 99 % Inhaltsstoffe nat\u00fcrlichen Ursprungs Nicht komedogen, nicht [&hellip;]<\/p>\n","protected":false},"featured_media":107896,"template":"","meta":{"_acf_changed":false},"product_brand":[687],"product_cat":[812],"product_tag":[],"class_list":{"0":"post-107894","1":"product","2":"type-product","3":"status-publish","4":"has-post-thumbnail","6":"product_brand-caudalie","7":"product_cat-c","8":"pa_packungsgroesse-400ml","10":"first","11":"instock","12":"shipping-taxable","13":"purchasable","14":"product-type-simple"},"acf":[],"_links":{"self":[{"href":"https:\/\/www.ernstbrunn-apotheke.at\/katalog\/wp-json\/wp\/v2\/product\/107894","targetHints":{"allow":["GET"]}}],"collection":[{"href":"https:\/\/www.ernstbrunn-apotheke.at\/katalog\/wp-json\/wp\/v2\/product"}],"about":[{"href":"https:\/\/www.ernstbrunn-apotheke.at\/katalog\/wp-json\/wp\/v2\/types\/product"}],"wp:featuredmedia":[{"embeddable":true,"href":"https:\/\/www.ernstbrunn-apotheke.at\/katalog\/wp-json\/wp\/v2\/media\/107896"}],"wp:attachment":[{"href":"https:\/\/www.ernstbrunn-apotheke.at\/katalog\/wp-json\/wp\/v2\/media?parent=107894"}],"wp:term":[{"taxonomy":"product_brand","embeddable":true,"href":"https:\/\/www.ernstbrunn-apotheke.at\/katalog\/wp-json\/wp\/v2\/product_brand?post=107894"},{"taxonomy":"product_cat","embeddable":true,"href":"https:\/\/www.ernstbrunn-apotheke.at\/katalog\/wp-json\/wp\/v2\/product_cat?post=107894"},{"taxonomy":"product_tag","embeddable":true,"href":"https:\/\/www.ernstbrunn-apotheke.at\/katalog\/wp-json\/wp\/v2\/product_tag?post=107894"}],"curies":[{"name":"wp","href":"https:\/\/api.w.org\/{rel}","templated":true}]}}