{"id":10508,"date":"2025-11-07T14:17:38","date_gmt":"2025-11-07T13:17:38","guid":{"rendered":"https:\/\/www.ernstbrunn-apotheke.at\/katalog\/produkt\/arteriomed-fischoel-kapseln-90-stk\/"},"modified":"2025-12-08T13:29:36","modified_gmt":"2025-12-08T12:29:36","slug":"arteriomed-fischoel-kapseln-90-stk","status":"publish","type":"product","link":"https:\/\/www.ernstbrunn-apotheke.at\/katalog\/produkt\/arteriomed-fischoel-kapseln-90-stk\/","title":{"rendered":"Arteriomed Fisch\u00f6l-Kapseln 90 Stk."},"content":{"rendered":"<p>Arteriomed Fisch\u00f6l-Kapseln dienen der di\u00e4tischen Behandlung von Arteriosklerose und St\u00f6rungen des Fettstoffwechsels. Insbesondere bei Diabetes Mellitus. Zudem sch\u00fctzen sie Herz und Gef\u00e4\u00dfe und verbessern die Flie\u00dfeigenschaften des Blutes. Die Kapseln senken au\u00dferdem den Blutdruck und regulieren den Cholesterinspiegel. Dieses Produkt ist in Packungen zu 30 und 90 St\u00fcck erh\u00e4ltlich.<\/p>\n","protected":false},"excerpt":{"rendered":"<p>Arteriomed Fisch\u00f6l-Kapseln dienen der di\u00e4tischen Behandlung von Arteriosklerose und St\u00f6rungen des Fettstoffwechsels. Insbesondere bei Diabetes Mellitus. Zudem sch\u00fctzen sie Herz und Gef\u00e4\u00dfe und verbessern die Flie\u00dfeigenschaften des Blutes. Die Kapseln senken au\u00dferdem den Blutdruck und regulieren den Cholesterinspiegel. Dieses Produkt ist in Packungen zu 30 und 90 St\u00fcck erh\u00e4ltlich.<\/p>\n","protected":false},"featured_media":10510,"template":"","meta":{"_acf_changed":false},"product_brand":[],"product_cat":[801],"product_tag":[],"class_list":{"0":"post-10508","1":"product","2":"type-product","3":"status-publish","4":"has-post-thumbnail","6":"product_cat-a","7":"pa_packungsgroesse-30-stueck","8":"pa_packungsgroesse-90-stueck","10":"first","11":"instock","12":"shipping-taxable","13":"purchasable","14":"product-type-simple"},"acf":[],"_links":{"self":[{"href":"https:\/\/www.ernstbrunn-apotheke.at\/katalog\/wp-json\/wp\/v2\/product\/10508","targetHints":{"allow":["GET"]}}],"collection":[{"href":"https:\/\/www.ernstbrunn-apotheke.at\/katalog\/wp-json\/wp\/v2\/product"}],"about":[{"href":"https:\/\/www.ernstbrunn-apotheke.at\/katalog\/wp-json\/wp\/v2\/types\/product"}],"wp:featuredmedia":[{"embeddable":true,"href":"https:\/\/www.ernstbrunn-apotheke.at\/katalog\/wp-json\/wp\/v2\/media\/10510"}],"wp:attachment":[{"href":"https:\/\/www.ernstbrunn-apotheke.at\/katalog\/wp-json\/wp\/v2\/media?parent=10508"}],"wp:term":[{"taxonomy":"product_brand","embeddable":true,"href":"https:\/\/www.ernstbrunn-apotheke.at\/katalog\/wp-json\/wp\/v2\/product_brand?post=10508"},{"taxonomy":"product_cat","embeddable":true,"href":"https:\/\/www.ernstbrunn-apotheke.at\/katalog\/wp-json\/wp\/v2\/product_cat?post=10508"},{"taxonomy":"product_tag","embeddable":true,"href":"https:\/\/www.ernstbrunn-apotheke.at\/katalog\/wp-json\/wp\/v2\/product_tag?post=10508"}],"curies":[{"name":"wp","href":"https:\/\/api.w.org\/{rel}","templated":true}]}}