{"id":104970,"date":"2025-11-12T16:54:07","date_gmt":"2025-11-12T15:54:07","guid":{"rendered":"https:\/\/www.ernstbrunn-apotheke.at\/katalog\/produkt\/haedensa-zaepfchen-2\/"},"modified":"2025-12-08T21:45:51","modified_gmt":"2025-12-08T20:45:51","slug":"haedensa-zaepfchen-2","status":"publish","type":"product","link":"https:\/\/www.ernstbrunn-apotheke.at\/katalog\/produkt\/haedensa-zaepfchen-2\/","title":{"rendered":"H\u00e4densa Z\u00e4pfchen"},"content":{"rendered":"<p>H\u00e4densa Z\u00e4pfchen sind H\u00e4morrhoidalz\u00e4pfchen und werden bei inneren und \u00e4u\u00dferen H\u00e4morrhoiden, Einrissen der Haut sowie Juckreiz im Analbereich angewendet. Sie wirken entz\u00fcndungshemmend, k\u00fchlend, schmerzstillend und antiseptisch.<\/p>\n","protected":false},"excerpt":{"rendered":"<p>H\u00e4densa Z\u00e4pfchen sind H\u00e4morrhoidalz\u00e4pfchen und werden bei inneren und \u00e4u\u00dferen H\u00e4morrhoiden, Einrissen der Haut sowie Juckreiz im Analbereich angewendet. Sie wirken entz\u00fcndungshemmend, k\u00fchlend, schmerzstillend und antiseptisch.<\/p>\n","protected":false},"featured_media":104972,"template":"","meta":{"_acf_changed":false},"product_brand":[481],"product_cat":[805],"product_tag":[],"class_list":{"0":"post-104970","1":"product","2":"type-product","3":"status-publish","4":"has-post-thumbnail","6":"product_brand-haedensa","7":"product_cat-h","8":"pa_packungsgroesse-5-stueck","10":"first","11":"instock","12":"shipping-taxable","13":"purchasable","14":"product-type-simple"},"acf":[],"_links":{"self":[{"href":"https:\/\/www.ernstbrunn-apotheke.at\/katalog\/wp-json\/wp\/v2\/product\/104970","targetHints":{"allow":["GET"]}}],"collection":[{"href":"https:\/\/www.ernstbrunn-apotheke.at\/katalog\/wp-json\/wp\/v2\/product"}],"about":[{"href":"https:\/\/www.ernstbrunn-apotheke.at\/katalog\/wp-json\/wp\/v2\/types\/product"}],"wp:featuredmedia":[{"embeddable":true,"href":"https:\/\/www.ernstbrunn-apotheke.at\/katalog\/wp-json\/wp\/v2\/media\/104972"}],"wp:attachment":[{"href":"https:\/\/www.ernstbrunn-apotheke.at\/katalog\/wp-json\/wp\/v2\/media?parent=104970"}],"wp:term":[{"taxonomy":"product_brand","embeddable":true,"href":"https:\/\/www.ernstbrunn-apotheke.at\/katalog\/wp-json\/wp\/v2\/product_brand?post=104970"},{"taxonomy":"product_cat","embeddable":true,"href":"https:\/\/www.ernstbrunn-apotheke.at\/katalog\/wp-json\/wp\/v2\/product_cat?post=104970"},{"taxonomy":"product_tag","embeddable":true,"href":"https:\/\/www.ernstbrunn-apotheke.at\/katalog\/wp-json\/wp\/v2\/product_tag?post=104970"}],"curies":[{"name":"wp","href":"https:\/\/api.w.org\/{rel}","templated":true}]}}