{"id":104398,"date":"2025-11-12T15:01:59","date_gmt":"2025-11-12T14:01:59","guid":{"rendered":"https:\/\/www.ernstbrunn-apotheke.at\/katalog\/produkt\/pure-encapsulation-kollagen-plus-pulver-140-g\/"},"modified":"2025-12-08T21:42:07","modified_gmt":"2025-12-08T20:42:07","slug":"pure-encapsulation-kollagen-plus-pulver-140-g","status":"publish","type":"product","link":"https:\/\/www.ernstbrunn-apotheke.at\/katalog\/produkt\/pure-encapsulation-kollagen-plus-pulver-140-g\/","title":{"rendered":"Pure Encapsulation Kollagen Plus Pulver 140 g"},"content":{"rendered":"<p>Pure Encapsulations Kollagen Plus Pulver sorgt f\u00fcr ein straffes Bindegewebe, befeuchtet die Haut mit Hyalurons\u00e4ure und tr\u00e4gt zum Zellschutz bei.Kollagen plus von Pure Encapsulations kombiniert nat\u00fcrliches Kollagen mit innovativen Ceramiden aus dem Pfirsich, Hyalurons\u00e4ure sowie den Antioxidanzien Vitamin C, Kupfer und Zink. Bei Kollagen \u2013 auch h\u00e4ufig Collagen geschrieben \u2013 handelt es sich um ein Strukturprotein, das ein wesentlicher Bestandteil von Knochen und Knorpeln ist.Aber Kollagen ist auch ein wichtiger Baustein f\u00fcr das Bindegewebe der Haut \u2013 schlie\u00dflich besteht sie zu 70 % aus Kollagen. Doch schon ab dem 30. Lebensjahr beginnt der Gehalt in der Haut zu sinken.F\u00fcr eine gesunde und normale Funktion von Haut, Haare und N\u00e4gel.<\/p>\n","protected":false},"excerpt":{"rendered":"<p>Pure Encapsulations Kollagen Plus Pulver sorgt f\u00fcr ein straffes Bindegewebe, befeuchtet die Haut mit Hyalurons\u00e4ure und tr\u00e4gt zum Zellschutz bei.Kollagen plus von Pure Encapsulations kombiniert nat\u00fcrliches Kollagen mit innovativen Ceramiden aus dem Pfirsich, Hyalurons\u00e4ure sowie den Antioxidanzien Vitamin C, Kupfer und Zink. Bei Kollagen \u2013 auch h\u00e4ufig Collagen geschrieben \u2013 handelt es sich um ein [&hellip;]<\/p>\n","protected":false},"featured_media":104400,"template":"","meta":{"_acf_changed":false},"product_brand":[336],"product_cat":[793],"product_tag":[],"class_list":{"0":"post-104398","1":"product","2":"type-product","3":"status-publish","4":"has-post-thumbnail","6":"product_brand-pure-encapsulations","7":"product_cat-p","8":"pa_packungsgroesse-140g","10":"first","11":"instock","12":"shipping-taxable","13":"purchasable","14":"product-type-simple"},"acf":[],"_links":{"self":[{"href":"https:\/\/www.ernstbrunn-apotheke.at\/katalog\/wp-json\/wp\/v2\/product\/104398","targetHints":{"allow":["GET"]}}],"collection":[{"href":"https:\/\/www.ernstbrunn-apotheke.at\/katalog\/wp-json\/wp\/v2\/product"}],"about":[{"href":"https:\/\/www.ernstbrunn-apotheke.at\/katalog\/wp-json\/wp\/v2\/types\/product"}],"wp:featuredmedia":[{"embeddable":true,"href":"https:\/\/www.ernstbrunn-apotheke.at\/katalog\/wp-json\/wp\/v2\/media\/104400"}],"wp:attachment":[{"href":"https:\/\/www.ernstbrunn-apotheke.at\/katalog\/wp-json\/wp\/v2\/media?parent=104398"}],"wp:term":[{"taxonomy":"product_brand","embeddable":true,"href":"https:\/\/www.ernstbrunn-apotheke.at\/katalog\/wp-json\/wp\/v2\/product_brand?post=104398"},{"taxonomy":"product_cat","embeddable":true,"href":"https:\/\/www.ernstbrunn-apotheke.at\/katalog\/wp-json\/wp\/v2\/product_cat?post=104398"},{"taxonomy":"product_tag","embeddable":true,"href":"https:\/\/www.ernstbrunn-apotheke.at\/katalog\/wp-json\/wp\/v2\/product_tag?post=104398"}],"curies":[{"name":"wp","href":"https:\/\/api.w.org\/{rel}","templated":true}]}}