{"id":104139,"date":"2025-11-12T14:56:08","date_gmt":"2025-11-12T13:56:08","guid":{"rendered":"https:\/\/www.ernstbrunn-apotheke.at\/katalog\/produkt\/madara-derma-collagen-hydra-fill-firming-serum\/"},"modified":"2025-12-08T21:40:12","modified_gmt":"2025-12-08T20:40:12","slug":"madara-derma-collagen-hydra-fill-firming-serum","status":"publish","type":"product","link":"https:\/\/www.ernstbrunn-apotheke.at\/katalog\/produkt\/madara-derma-collagen-hydra-fill-firming-serum\/","title":{"rendered":"Madara Derma Collagen Hydra-Fill Firming Serum"},"content":{"rendered":"<p>Diese Formulierung mit biotechnologisch gewonnenen nat\u00fcrlichen Peptiden, Mikroalgen und Hyalurons\u00e4ure erlaubt dieser ultra-seidigen Creme, die Haut intensiv mit Feuchtigkeit zu versorgen und gleichzeitig die Kollagene der Haut zu sch\u00fctzen und unterst\u00fctzen. L\u00e4dt die Haut mit essentiellen Proteinen und Aminos\u00e4uren auf und st\u00e4rkt so die extrazellul\u00e4re Matrix der Haut.<\/p>\n","protected":false},"excerpt":{"rendered":"<p>Diese Formulierung mit biotechnologisch gewonnenen nat\u00fcrlichen Peptiden, Mikroalgen und Hyalurons\u00e4ure erlaubt dieser ultra-seidigen Creme, die Haut intensiv mit Feuchtigkeit zu versorgen und gleichzeitig die Kollagene der Haut zu sch\u00fctzen und unterst\u00fctzen. L\u00e4dt die Haut mit essentiellen Proteinen und Aminos\u00e4uren auf und st\u00e4rkt so die extrazellul\u00e4re Matrix der Haut.<\/p>\n","protected":false},"featured_media":104141,"template":"","meta":{"_acf_changed":false},"product_brand":[1253],"product_cat":[800],"product_tag":[],"class_list":{"0":"post-104139","1":"product","2":"type-product","3":"status-publish","4":"has-post-thumbnail","6":"product_brand-madara","7":"product_cat-m","8":"pa_packungsgroesse-30ml","10":"first","11":"instock","12":"shipping-taxable","13":"purchasable","14":"product-type-simple"},"acf":[],"_links":{"self":[{"href":"https:\/\/www.ernstbrunn-apotheke.at\/katalog\/wp-json\/wp\/v2\/product\/104139","targetHints":{"allow":["GET"]}}],"collection":[{"href":"https:\/\/www.ernstbrunn-apotheke.at\/katalog\/wp-json\/wp\/v2\/product"}],"about":[{"href":"https:\/\/www.ernstbrunn-apotheke.at\/katalog\/wp-json\/wp\/v2\/types\/product"}],"wp:featuredmedia":[{"embeddable":true,"href":"https:\/\/www.ernstbrunn-apotheke.at\/katalog\/wp-json\/wp\/v2\/media\/104141"}],"wp:attachment":[{"href":"https:\/\/www.ernstbrunn-apotheke.at\/katalog\/wp-json\/wp\/v2\/media?parent=104139"}],"wp:term":[{"taxonomy":"product_brand","embeddable":true,"href":"https:\/\/www.ernstbrunn-apotheke.at\/katalog\/wp-json\/wp\/v2\/product_brand?post=104139"},{"taxonomy":"product_cat","embeddable":true,"href":"https:\/\/www.ernstbrunn-apotheke.at\/katalog\/wp-json\/wp\/v2\/product_cat?post=104139"},{"taxonomy":"product_tag","embeddable":true,"href":"https:\/\/www.ernstbrunn-apotheke.at\/katalog\/wp-json\/wp\/v2\/product_tag?post=104139"}],"curies":[{"name":"wp","href":"https:\/\/api.w.org\/{rel}","templated":true}]}}