{"id":104091,"date":"2025-11-12T14:54:36","date_gmt":"2025-11-12T13:54:36","guid":{"rendered":"https:\/\/www.ernstbrunn-apotheke.at\/katalog\/produkt\/physiogel-daily-moisture-therapy-creme-150-ml\/"},"modified":"2025-12-08T21:39:54","modified_gmt":"2025-12-08T20:39:54","slug":"physiogel-daily-moisture-therapy-creme-150-ml","status":"publish","type":"product","link":"https:\/\/www.ernstbrunn-apotheke.at\/katalog\/produkt\/physiogel-daily-moisture-therapy-creme-150-ml\/","title":{"rendered":"PHYSIOGEL Daily Moisture Therapy Creme 150 ml"},"content":{"rendered":"<p>Die PHYSIOGEL Daily Moisture Therapy Creme bietet speziell f\u00fcr trockene Haut eine intensive Pflege. Sie n\u00e4hrt die Haut und vermindert Spannungsgef\u00fchle. Die Creme pflegt beanspruchte Haut am ganzen K\u00f6rper mit dem 3-fach Effekt: sie spendet Feuchtigkeit, repariert und regeneriert.<\/p>\n<p>&#13;<\/p>\n","protected":false},"excerpt":{"rendered":"<p>Die PHYSIOGEL Daily Moisture Therapy Creme bietet speziell f\u00fcr trockene Haut eine intensive Pflege. Sie n\u00e4hrt die Haut und vermindert Spannungsgef\u00fchle. Die Creme pflegt beanspruchte Haut am ganzen K\u00f6rper mit dem 3-fach Effekt: sie spendet Feuchtigkeit, repariert und regeneriert. &#13;<\/p>\n","protected":false},"featured_media":27576,"template":"","meta":{"_acf_changed":false},"product_brand":[726],"product_cat":[793],"product_tag":[],"class_list":{"0":"post-104091","1":"product","2":"type-product","3":"status-publish","4":"has-post-thumbnail","6":"product_brand-physiogel","7":"product_cat-p","8":"pa_packungsgroesse-150ml","10":"first","11":"instock","12":"shipping-taxable","13":"purchasable","14":"product-type-simple"},"acf":[],"_links":{"self":[{"href":"https:\/\/www.ernstbrunn-apotheke.at\/katalog\/wp-json\/wp\/v2\/product\/104091","targetHints":{"allow":["GET"]}}],"collection":[{"href":"https:\/\/www.ernstbrunn-apotheke.at\/katalog\/wp-json\/wp\/v2\/product"}],"about":[{"href":"https:\/\/www.ernstbrunn-apotheke.at\/katalog\/wp-json\/wp\/v2\/types\/product"}],"wp:featuredmedia":[{"embeddable":true,"href":"https:\/\/www.ernstbrunn-apotheke.at\/katalog\/wp-json\/wp\/v2\/media\/27576"}],"wp:attachment":[{"href":"https:\/\/www.ernstbrunn-apotheke.at\/katalog\/wp-json\/wp\/v2\/media?parent=104091"}],"wp:term":[{"taxonomy":"product_brand","embeddable":true,"href":"https:\/\/www.ernstbrunn-apotheke.at\/katalog\/wp-json\/wp\/v2\/product_brand?post=104091"},{"taxonomy":"product_cat","embeddable":true,"href":"https:\/\/www.ernstbrunn-apotheke.at\/katalog\/wp-json\/wp\/v2\/product_cat?post=104091"},{"taxonomy":"product_tag","embeddable":true,"href":"https:\/\/www.ernstbrunn-apotheke.at\/katalog\/wp-json\/wp\/v2\/product_tag?post=104091"}],"curies":[{"name":"wp","href":"https:\/\/api.w.org\/{rel}","templated":true}]}}