{"id":103668,"date":"2025-11-12T14:41:08","date_gmt":"2025-11-12T13:41:08","guid":{"rendered":"https:\/\/www.ernstbrunn-apotheke.at\/katalog\/produkt\/la-roche-cicaplast-handcreme-100-ml\/"},"modified":"2025-12-08T21:36:09","modified_gmt":"2025-12-08T20:36:09","slug":"la-roche-cicaplast-handcreme-100-ml","status":"publish","type":"product","link":"https:\/\/www.ernstbrunn-apotheke.at\/katalog\/produkt\/la-roche-cicaplast-handcreme-100-ml\/","title":{"rendered":"LA ROCHE CICAPLAST HANDCREME 100 ML"},"content":{"rendered":"<p>La Roche-Posay Cicaplast Main Handcreme beruhigt und repariert die Hautschutzbarriere dank Niacinamide. Die angenehme Textur mit ihrem hohen Anteil an Glycerin baut eine sch\u00fctzende Barriere-Textur auf, welche auch nach dem H\u00e4ndewaschen resistent ist. Sie zieht sofort ein, klebt nicht und hinterl\u00e4sst keine R\u00fcckst\u00e4nde.<\/p>\n","protected":false},"excerpt":{"rendered":"<p>La Roche-Posay Cicaplast Main Handcreme beruhigt und repariert die Hautschutzbarriere dank Niacinamide. Die angenehme Textur mit ihrem hohen Anteil an Glycerin baut eine sch\u00fctzende Barriere-Textur auf, welche auch nach dem H\u00e4ndewaschen resistent ist. Sie zieht sofort ein, klebt nicht und hinterl\u00e4sst keine R\u00fcckst\u00e4nde.<\/p>\n","protected":false},"featured_media":103670,"template":"","meta":{"_acf_changed":false},"product_brand":[677],"product_cat":[795],"product_tag":[],"class_list":{"0":"post-103668","1":"product","2":"type-product","3":"status-publish","4":"has-post-thumbnail","6":"product_brand-la-roche-posay","7":"product_cat-l","8":"pa_packungsgroesse-100ml","10":"first","11":"instock","12":"shipping-taxable","13":"purchasable","14":"product-type-simple"},"acf":[],"_links":{"self":[{"href":"https:\/\/www.ernstbrunn-apotheke.at\/katalog\/wp-json\/wp\/v2\/product\/103668","targetHints":{"allow":["GET"]}}],"collection":[{"href":"https:\/\/www.ernstbrunn-apotheke.at\/katalog\/wp-json\/wp\/v2\/product"}],"about":[{"href":"https:\/\/www.ernstbrunn-apotheke.at\/katalog\/wp-json\/wp\/v2\/types\/product"}],"wp:featuredmedia":[{"embeddable":true,"href":"https:\/\/www.ernstbrunn-apotheke.at\/katalog\/wp-json\/wp\/v2\/media\/103670"}],"wp:attachment":[{"href":"https:\/\/www.ernstbrunn-apotheke.at\/katalog\/wp-json\/wp\/v2\/media?parent=103668"}],"wp:term":[{"taxonomy":"product_brand","embeddable":true,"href":"https:\/\/www.ernstbrunn-apotheke.at\/katalog\/wp-json\/wp\/v2\/product_brand?post=103668"},{"taxonomy":"product_cat","embeddable":true,"href":"https:\/\/www.ernstbrunn-apotheke.at\/katalog\/wp-json\/wp\/v2\/product_cat?post=103668"},{"taxonomy":"product_tag","embeddable":true,"href":"https:\/\/www.ernstbrunn-apotheke.at\/katalog\/wp-json\/wp\/v2\/product_tag?post=103668"}],"curies":[{"name":"wp","href":"https:\/\/api.w.org\/{rel}","templated":true}]}}