{"id":103560,"date":"2025-11-12T14:37:07","date_gmt":"2025-11-12T13:37:07","guid":{"rendered":"https:\/\/www.ernstbrunn-apotheke.at\/katalog\/produkt\/la-roche-posay-hyalu-b5-reichhaltige-pflegecreme-40-ml\/"},"modified":"2025-12-08T21:35:10","modified_gmt":"2025-12-08T20:35:10","slug":"la-roche-posay-hyalu-b5-reichhaltige-pflegecreme-40-ml","status":"publish","type":"product","link":"https:\/\/www.ernstbrunn-apotheke.at\/katalog\/produkt\/la-roche-posay-hyalu-b5-reichhaltige-pflegecreme-40-ml\/","title":{"rendered":"La Roche-Posay Hyalu B5 reichhaltige Pflegecreme 40 ml"},"content":{"rendered":"<p>Die La Roche-Posay Hyalu B5 reichhaltige Pflegecreme ist eine intensiv beruhigende Anti-Falten-Creme, die der Haut langanhaltende Feuchtigkeit schenkt. Die Pflege polstert die Haut sp\u00fcrbar auf, verbessert ihre nat\u00fcrliche Spannkraft und ist auch f\u00fcr empfindliche Haut geeignet.<\/p>\n","protected":false},"excerpt":{"rendered":"<p>Die La Roche-Posay Hyalu B5 reichhaltige Pflegecreme ist eine intensiv beruhigende Anti-Falten-Creme, die der Haut langanhaltende Feuchtigkeit schenkt. Die Pflege polstert die Haut sp\u00fcrbar auf, verbessert ihre nat\u00fcrliche Spannkraft und ist auch f\u00fcr empfindliche Haut geeignet.<\/p>\n","protected":false},"featured_media":103562,"template":"","meta":{"_acf_changed":false},"product_brand":[677],"product_cat":[795],"product_tag":[],"class_list":{"0":"post-103560","1":"product","2":"type-product","3":"status-publish","4":"has-post-thumbnail","6":"product_brand-la-roche-posay","7":"product_cat-l","8":"pa_packungsgroesse-40ml","10":"first","11":"instock","12":"shipping-taxable","13":"purchasable","14":"product-type-simple"},"acf":[],"_links":{"self":[{"href":"https:\/\/www.ernstbrunn-apotheke.at\/katalog\/wp-json\/wp\/v2\/product\/103560","targetHints":{"allow":["GET"]}}],"collection":[{"href":"https:\/\/www.ernstbrunn-apotheke.at\/katalog\/wp-json\/wp\/v2\/product"}],"about":[{"href":"https:\/\/www.ernstbrunn-apotheke.at\/katalog\/wp-json\/wp\/v2\/types\/product"}],"wp:featuredmedia":[{"embeddable":true,"href":"https:\/\/www.ernstbrunn-apotheke.at\/katalog\/wp-json\/wp\/v2\/media\/103562"}],"wp:attachment":[{"href":"https:\/\/www.ernstbrunn-apotheke.at\/katalog\/wp-json\/wp\/v2\/media?parent=103560"}],"wp:term":[{"taxonomy":"product_brand","embeddable":true,"href":"https:\/\/www.ernstbrunn-apotheke.at\/katalog\/wp-json\/wp\/v2\/product_brand?post=103560"},{"taxonomy":"product_cat","embeddable":true,"href":"https:\/\/www.ernstbrunn-apotheke.at\/katalog\/wp-json\/wp\/v2\/product_cat?post=103560"},{"taxonomy":"product_tag","embeddable":true,"href":"https:\/\/www.ernstbrunn-apotheke.at\/katalog\/wp-json\/wp\/v2\/product_tag?post=103560"}],"curies":[{"name":"wp","href":"https:\/\/api.w.org\/{rel}","templated":true}]}}