{"id":10133,"date":"2025-11-07T14:11:04","date_gmt":"2025-11-07T13:11:04","guid":{"rendered":"https:\/\/www.ernstbrunn-apotheke.at\/katalog\/produkt\/hafesan-chitosan-l-carnitin-kapseln-60-stk\/"},"modified":"2025-12-08T13:28:58","modified_gmt":"2025-12-08T12:28:58","slug":"hafesan-chitosan-l-carnitin-kapseln-60-stk","status":"publish","type":"product","link":"https:\/\/www.ernstbrunn-apotheke.at\/katalog\/produkt\/hafesan-chitosan-l-carnitin-kapseln-60-stk\/","title":{"rendered":"Hafesan Chitosan L-Carnitin Kapseln 60 Stk."},"content":{"rendered":"<p>hafesan Chitosan + L-Carnitin Kapseln zur unterst\u00fctzung Ihrer Di\u00e4t. Die Kapseln ziehen das Fett aus der Nahrung an und binden es sodass es der K\u00f6prer nicht aufnehmen kann. Dadurch wird auf die eigenen Fettreserven zur\u00fcckgegriffen und l\u00e4stige P\u00f6lsterchen und Schwimmreifen werden abgegbaut..<\/p>\n","protected":false},"excerpt":{"rendered":"<p>hafesan Chitosan + L-Carnitin Kapseln zur unterst\u00fctzung Ihrer Di\u00e4t. Die Kapseln ziehen das Fett aus der Nahrung an und binden es sodass es der K\u00f6prer nicht aufnehmen kann. Dadurch wird auf die eigenen Fettreserven zur\u00fcckgegriffen und l\u00e4stige P\u00f6lsterchen und Schwimmreifen werden abgegbaut..<\/p>\n","protected":false},"featured_media":10135,"template":"","meta":{"_acf_changed":false},"product_brand":[376],"product_cat":[805],"product_tag":[],"class_list":{"0":"post-10133","1":"product","2":"type-product","3":"status-publish","4":"has-post-thumbnail","6":"product_brand-hafesan","7":"product_cat-h","8":"pa_packungsgroesse-60-stueck","10":"first","11":"instock","12":"shipping-taxable","13":"purchasable","14":"product-type-simple"},"acf":[],"_links":{"self":[{"href":"https:\/\/www.ernstbrunn-apotheke.at\/katalog\/wp-json\/wp\/v2\/product\/10133","targetHints":{"allow":["GET"]}}],"collection":[{"href":"https:\/\/www.ernstbrunn-apotheke.at\/katalog\/wp-json\/wp\/v2\/product"}],"about":[{"href":"https:\/\/www.ernstbrunn-apotheke.at\/katalog\/wp-json\/wp\/v2\/types\/product"}],"wp:featuredmedia":[{"embeddable":true,"href":"https:\/\/www.ernstbrunn-apotheke.at\/katalog\/wp-json\/wp\/v2\/media\/10135"}],"wp:attachment":[{"href":"https:\/\/www.ernstbrunn-apotheke.at\/katalog\/wp-json\/wp\/v2\/media?parent=10133"}],"wp:term":[{"taxonomy":"product_brand","embeddable":true,"href":"https:\/\/www.ernstbrunn-apotheke.at\/katalog\/wp-json\/wp\/v2\/product_brand?post=10133"},{"taxonomy":"product_cat","embeddable":true,"href":"https:\/\/www.ernstbrunn-apotheke.at\/katalog\/wp-json\/wp\/v2\/product_cat?post=10133"},{"taxonomy":"product_tag","embeddable":true,"href":"https:\/\/www.ernstbrunn-apotheke.at\/katalog\/wp-json\/wp\/v2\/product_tag?post=10133"}],"curies":[{"name":"wp","href":"https:\/\/api.w.org\/{rel}","templated":true}]}}