{"id":101215,"date":"2025-11-12T13:33:08","date_gmt":"2025-11-12T12:33:08","guid":{"rendered":"https:\/\/www.ernstbrunn-apotheke.at\/katalog\/produkt\/xbrow-eyebrow-conditioner-3-ml\/"},"modified":"2025-12-08T21:17:33","modified_gmt":"2025-12-08T20:17:33","slug":"xbrow-eyebrow-conditioner-3-ml","status":"publish","type":"product","link":"https:\/\/www.ernstbrunn-apotheke.at\/katalog\/produkt\/xbrow-eyebrow-conditioner-3-ml\/","title":{"rendered":"Xbrow Eyebrow Conditioner 3 ml"},"content":{"rendered":"<p>Das Xbrow Augenbrauenserum ist ein sehr effektives Produkt, das sich positiv auf die Dicke, das Volumen und die L\u00e4nge der Augenbrauen auswirkt. Deine Augenbrauen werden ausdrucksst\u00e4rker und f\u00fclliger nach nur 28 Tagen regelm\u00e4\u00dfiger Anwendung. Die Unbedenklichkeit und Effektivit\u00e4t des Produkts wurde durch klinische Tests bewiesen.<\/p>\n","protected":false},"excerpt":{"rendered":"<p>Das Xbrow Augenbrauenserum ist ein sehr effektives Produkt, das sich positiv auf die Dicke, das Volumen und die L\u00e4nge der Augenbrauen auswirkt. Deine Augenbrauen werden ausdrucksst\u00e4rker und f\u00fclliger nach nur 28 Tagen regelm\u00e4\u00dfiger Anwendung. Die Unbedenklichkeit und Effektivit\u00e4t des Produkts wurde durch klinische Tests bewiesen.<\/p>\n","protected":false},"featured_media":101217,"template":"","meta":{"_acf_changed":false},"product_brand":[],"product_cat":[950],"product_tag":[],"class_list":{"0":"post-101215","1":"product","2":"type-product","3":"status-publish","4":"has-post-thumbnail","6":"product_cat-x","7":"pa_packungsgroesse-3ml","9":"first","10":"instock","11":"shipping-taxable","12":"purchasable","13":"product-type-simple"},"acf":[],"_links":{"self":[{"href":"https:\/\/www.ernstbrunn-apotheke.at\/katalog\/wp-json\/wp\/v2\/product\/101215","targetHints":{"allow":["GET"]}}],"collection":[{"href":"https:\/\/www.ernstbrunn-apotheke.at\/katalog\/wp-json\/wp\/v2\/product"}],"about":[{"href":"https:\/\/www.ernstbrunn-apotheke.at\/katalog\/wp-json\/wp\/v2\/types\/product"}],"wp:featuredmedia":[{"embeddable":true,"href":"https:\/\/www.ernstbrunn-apotheke.at\/katalog\/wp-json\/wp\/v2\/media\/101217"}],"wp:attachment":[{"href":"https:\/\/www.ernstbrunn-apotheke.at\/katalog\/wp-json\/wp\/v2\/media?parent=101215"}],"wp:term":[{"taxonomy":"product_brand","embeddable":true,"href":"https:\/\/www.ernstbrunn-apotheke.at\/katalog\/wp-json\/wp\/v2\/product_brand?post=101215"},{"taxonomy":"product_cat","embeddable":true,"href":"https:\/\/www.ernstbrunn-apotheke.at\/katalog\/wp-json\/wp\/v2\/product_cat?post=101215"},{"taxonomy":"product_tag","embeddable":true,"href":"https:\/\/www.ernstbrunn-apotheke.at\/katalog\/wp-json\/wp\/v2\/product_tag?post=101215"}],"curies":[{"name":"wp","href":"https:\/\/api.w.org\/{rel}","templated":true}]}}