{"id":101177,"date":"2025-11-12T13:32:02","date_gmt":"2025-11-12T12:32:02","guid":{"rendered":"https:\/\/www.ernstbrunn-apotheke.at\/katalog\/produkt\/easystop-hartkapseln-10-stk\/"},"modified":"2025-12-08T21:17:20","modified_gmt":"2025-12-08T20:17:20","slug":"easystop-hartkapseln-10-stk","status":"publish","type":"product","link":"https:\/\/www.ernstbrunn-apotheke.at\/katalog\/produkt\/easystop-hartkapseln-10-stk\/","title":{"rendered":"Easystop Hartkapseln 10 Stk."},"content":{"rendered":"<p>easystop ist ein Arzneimittel zur symptomatischen Behandlung von Durchfallerkrankungen. easystop ist angezeigt zur symptomatischen Behandlung des akuten Durchfalls bei Erwachsenen \u00fcber 18 Jahren, sofern der Durchfall nicht urs\u00e4chlich behandelt werden kann. easystop kann zus\u00e4tzlich zu einer urs\u00e4chlichen Therapie eingenommen werden. Jetzt online bestellen<\/p>\n","protected":false},"excerpt":{"rendered":"<p>easystop ist ein Arzneimittel zur symptomatischen Behandlung von Durchfallerkrankungen. easystop ist angezeigt zur symptomatischen Behandlung des akuten Durchfalls bei Erwachsenen \u00fcber 18 Jahren, sofern der Durchfall nicht urs\u00e4chlich behandelt werden kann. easystop kann zus\u00e4tzlich zu einer urs\u00e4chlichen Therapie eingenommen werden. Jetzt online bestellen<\/p>\n","protected":false},"featured_media":101179,"template":"","meta":{"_acf_changed":false},"product_brand":[367],"product_cat":[794],"product_tag":[],"class_list":{"0":"post-101177","1":"product","2":"type-product","3":"status-publish","4":"has-post-thumbnail","6":"product_brand-easypharm","7":"product_cat-e","8":"pa_packungsgroesse-10-stueck","10":"first","11":"instock","12":"shipping-taxable","13":"purchasable","14":"product-type-simple"},"acf":[],"_links":{"self":[{"href":"https:\/\/www.ernstbrunn-apotheke.at\/katalog\/wp-json\/wp\/v2\/product\/101177","targetHints":{"allow":["GET"]}}],"collection":[{"href":"https:\/\/www.ernstbrunn-apotheke.at\/katalog\/wp-json\/wp\/v2\/product"}],"about":[{"href":"https:\/\/www.ernstbrunn-apotheke.at\/katalog\/wp-json\/wp\/v2\/types\/product"}],"wp:featuredmedia":[{"embeddable":true,"href":"https:\/\/www.ernstbrunn-apotheke.at\/katalog\/wp-json\/wp\/v2\/media\/101179"}],"wp:attachment":[{"href":"https:\/\/www.ernstbrunn-apotheke.at\/katalog\/wp-json\/wp\/v2\/media?parent=101177"}],"wp:term":[{"taxonomy":"product_brand","embeddable":true,"href":"https:\/\/www.ernstbrunn-apotheke.at\/katalog\/wp-json\/wp\/v2\/product_brand?post=101177"},{"taxonomy":"product_cat","embeddable":true,"href":"https:\/\/www.ernstbrunn-apotheke.at\/katalog\/wp-json\/wp\/v2\/product_cat?post=101177"},{"taxonomy":"product_tag","embeddable":true,"href":"https:\/\/www.ernstbrunn-apotheke.at\/katalog\/wp-json\/wp\/v2\/product_tag?post=101177"}],"curies":[{"name":"wp","href":"https:\/\/api.w.org\/{rel}","templated":true}]}}