{"id":100591,"date":"2025-11-12T12:38:46","date_gmt":"2025-11-12T11:38:46","guid":{"rendered":"https:\/\/www.ernstbrunn-apotheke.at\/katalog\/produkt\/oekopharm-figur-kapseln\/"},"modified":"2025-12-08T21:13:19","modified_gmt":"2025-12-08T20:13:19","slug":"oekopharm-figur-kapseln","status":"publish","type":"product","link":"https:\/\/www.ernstbrunn-apotheke.at\/katalog\/produkt\/oekopharm-figur-kapseln\/","title":{"rendered":"\u00d6kopharm Figur Kapseln"},"content":{"rendered":"<p>Der \u00d6kopharm\u00ae Wirkkomplex in CarboSlim\u200b\u00ae\u200b Day Kapseln ist aus vielen Mikrona\u0308hrstoffen durchdacht zusammengesetzt. Er tra\u0308gt zu einem ausgeglichenen Elektrolythaushalt bei, unterstu\u0308tzt den Stoffwechsel, die Verdauung und das Gewichtsmanagement. Mit Chrom, Vitamin B6 und Jod zur Unterst\u00fctzung des Stoffwechsels, Magnesium f\u00fcr den ausgeglichenen Elektrolythaushalt und Spirulina-Algen zur Unterst\u00fctzung der Verdauung.<\/p>\n","protected":false},"excerpt":{"rendered":"<p>Der \u00d6kopharm\u00ae Wirkkomplex in CarboSlim\u200b\u00ae\u200b Day Kapseln ist aus vielen Mikrona\u0308hrstoffen durchdacht zusammengesetzt. Er tra\u0308gt zu einem ausgeglichenen Elektrolythaushalt bei, unterstu\u0308tzt den Stoffwechsel, die Verdauung und das Gewichtsmanagement. Mit Chrom, Vitamin B6 und Jod zur Unterst\u00fctzung des Stoffwechsels, Magnesium f\u00fcr den ausgeglichenen Elektrolythaushalt und Spirulina-Algen zur Unterst\u00fctzung der Verdauung.<\/p>\n","protected":false},"featured_media":100593,"template":"","meta":{"_acf_changed":false},"product_brand":[357],"product_cat":[801],"product_tag":[],"class_list":{"0":"post-100591","1":"product","2":"type-product","3":"status-publish","4":"has-post-thumbnail","6":"product_brand-oekopharm","7":"product_cat-a","8":"pa_packungsgroesse-30-stueck","10":"first","11":"instock","12":"shipping-taxable","13":"purchasable","14":"product-type-simple"},"acf":[],"_links":{"self":[{"href":"https:\/\/www.ernstbrunn-apotheke.at\/katalog\/wp-json\/wp\/v2\/product\/100591","targetHints":{"allow":["GET"]}}],"collection":[{"href":"https:\/\/www.ernstbrunn-apotheke.at\/katalog\/wp-json\/wp\/v2\/product"}],"about":[{"href":"https:\/\/www.ernstbrunn-apotheke.at\/katalog\/wp-json\/wp\/v2\/types\/product"}],"wp:featuredmedia":[{"embeddable":true,"href":"https:\/\/www.ernstbrunn-apotheke.at\/katalog\/wp-json\/wp\/v2\/media\/100593"}],"wp:attachment":[{"href":"https:\/\/www.ernstbrunn-apotheke.at\/katalog\/wp-json\/wp\/v2\/media?parent=100591"}],"wp:term":[{"taxonomy":"product_brand","embeddable":true,"href":"https:\/\/www.ernstbrunn-apotheke.at\/katalog\/wp-json\/wp\/v2\/product_brand?post=100591"},{"taxonomy":"product_cat","embeddable":true,"href":"https:\/\/www.ernstbrunn-apotheke.at\/katalog\/wp-json\/wp\/v2\/product_cat?post=100591"},{"taxonomy":"product_tag","embeddable":true,"href":"https:\/\/www.ernstbrunn-apotheke.at\/katalog\/wp-json\/wp\/v2\/product_tag?post=100591"}],"curies":[{"name":"wp","href":"https:\/\/api.w.org\/{rel}","templated":true}]}}