{"id":100479,"date":"2025-11-12T12:36:01","date_gmt":"2025-11-12T11:36:01","guid":{"rendered":"https:\/\/www.ernstbrunn-apotheke.at\/katalog\/produkt\/stilaxx-hustenpastillen-junior-28-stk\/"},"modified":"2025-12-08T21:12:45","modified_gmt":"2025-12-08T20:12:45","slug":"stilaxx-hustenpastillen-junior-28-stk","status":"publish","type":"product","link":"https:\/\/www.ernstbrunn-apotheke.at\/katalog\/produkt\/stilaxx-hustenpastillen-junior-28-stk\/","title":{"rendered":"Stilaxx Hustenpastillen Junior 28 Stk."},"content":{"rendered":"<p>Stilaxx Hustenpastillen reizlindernd bei langanhaltendem, trockenem Reizhusten durch ihre Wirkung aus den nat\u00fcrlichen Pflanzenextrakten von Isl\u00e4ndisch Moos, Eibischwurzel und S\u00fc\u00dfholzwurzel \u2013 dem 3-fach Komplex der Island Formel. Die Stilaxx Hustenpastillen junior mit ihrem fruchtigen Mixed-Berry Geschmack sind pflanzlich, sowie alkohol- und zuckerfrei und f\u00fcr Kinder ab 4 Jahren geeignet.<\/p>\n","protected":false},"excerpt":{"rendered":"<p>Stilaxx Hustenpastillen reizlindernd bei langanhaltendem, trockenem Reizhusten durch ihre Wirkung aus den nat\u00fcrlichen Pflanzenextrakten von Isl\u00e4ndisch Moos, Eibischwurzel und S\u00fc\u00dfholzwurzel \u2013 dem 3-fach Komplex der Island Formel. Die Stilaxx Hustenpastillen junior mit ihrem fruchtigen Mixed-Berry Geschmack sind pflanzlich, sowie alkohol- und zuckerfrei und f\u00fcr Kinder ab 4 Jahren geeignet.<\/p>\n","protected":false},"featured_media":100481,"template":"","meta":{"_acf_changed":false},"product_brand":[562],"product_cat":[791],"product_tag":[],"class_list":{"0":"post-100479","1":"product","2":"type-product","3":"status-publish","4":"has-post-thumbnail","6":"product_brand-stilaxx","7":"product_cat-s","8":"pa_packungsgroesse-28-stueck","10":"first","11":"instock","12":"shipping-taxable","13":"purchasable","14":"product-type-simple"},"acf":[],"_links":{"self":[{"href":"https:\/\/www.ernstbrunn-apotheke.at\/katalog\/wp-json\/wp\/v2\/product\/100479","targetHints":{"allow":["GET"]}}],"collection":[{"href":"https:\/\/www.ernstbrunn-apotheke.at\/katalog\/wp-json\/wp\/v2\/product"}],"about":[{"href":"https:\/\/www.ernstbrunn-apotheke.at\/katalog\/wp-json\/wp\/v2\/types\/product"}],"wp:featuredmedia":[{"embeddable":true,"href":"https:\/\/www.ernstbrunn-apotheke.at\/katalog\/wp-json\/wp\/v2\/media\/100481"}],"wp:attachment":[{"href":"https:\/\/www.ernstbrunn-apotheke.at\/katalog\/wp-json\/wp\/v2\/media?parent=100479"}],"wp:term":[{"taxonomy":"product_brand","embeddable":true,"href":"https:\/\/www.ernstbrunn-apotheke.at\/katalog\/wp-json\/wp\/v2\/product_brand?post=100479"},{"taxonomy":"product_cat","embeddable":true,"href":"https:\/\/www.ernstbrunn-apotheke.at\/katalog\/wp-json\/wp\/v2\/product_cat?post=100479"},{"taxonomy":"product_tag","embeddable":true,"href":"https:\/\/www.ernstbrunn-apotheke.at\/katalog\/wp-json\/wp\/v2\/product_tag?post=100479"}],"curies":[{"name":"wp","href":"https:\/\/api.w.org\/{rel}","templated":true}]}}